be 27579/1585 - -2*1/(-5). Calculate the greatest common factor of 1853 and o.
17
Let y(s) = s + 5. Let n be y(-4). Let o be ((2 - -2)/(-2))/(20/(-10)). Calculate the greatest common factor of o and n.
1
Let v(m) = -m + 78. Let r be v(-6). What is the highest common divisor of r and 48?
12
Let n be 4/(24/950) + (-10)/30. Suppose 6 = -3*q, -p + n = p + q. Calculate the greatest common factor of p and 20.
20
Let u be 40/7 - (0 - 6/21). Let q = 15 + -4. Suppose x - q = 1. What is the highest common divisor of u and x?
6
Let n = 526 + -437. What is the greatest common factor of n and 2?
1
Let s(u) = u**2 - u - 9. Let w be s(4). Suppose 60 = -w*r + 15. Let v be 10/r*75/(-2). What is the greatest common divisor of 5 and v?
5
Suppose 32 = 2*t + b, 6*t = 3*t + 2*b + 34. Suppose 0 = 5*a + 3*q - 85, -3*a + q - 19 = -4*a. Calculate the highest common factor of t and a.
14
Suppose 4*g - 13 - 9 = -u, 0 = -4*u + g + 3. Suppose 2*w + u*w - 7 = b, 0 = w - 2*b. Let x be -6 - -4 - (-6 - w). What is the highest common factor of 48 and x?
6
Suppose -55*s + 62*s + 21 = 0. Let j(l) = -l**3 - 2*l**2 - 7*l - 6. Let b be j(s). Calculate the greatest common factor of b and 8.
8
Suppose 3*k + 63 - 252 = 0. Let p = 56 + -49. Suppose -2*y = -11 - p. What is the greatest common factor of y and k?
9
Let a(y) = 5*y - y**3 + 3*y + 8 - 6*y**2 - 2*y. Let b be a(-8). Calculate the highest common factor of b and 8.
8
Let l = -31 + 25. Let u be (0 + 88/l)*(-2400)/64. What is the greatest common divisor of 50 and u?
50
Let z be 1*13 + 0 + -1. Suppose 460 = 5*v - 1340. Suppose -27*n = -33*n + v. What is the highest common factor of z and n?
12
Let m = 102 - 69. Let k = m - 32. What is the highest common factor of 4 and k?
1
Let p(c) = -2*c**3 + 37*c**2 - 15*c - 39. Let o be p(18). Let l(z) = -9*z - 3. Let n be l(-7). Calculate the greatest common factor of n and o.
15
Let v(w) = -4*w - 13. Suppose 5*b = -4*a + 57, 3*b - 52 = -4*a - b. Let u = 2 - a. Let i be v(u). Calculate the greatest common divisor of i and 33.
11
Suppose 0 = 4*k - 4*y + 7*y - 28, 3*y + 14 = 2*k. Let w = 10 - 9. What is the greatest common divisor of k and w?
1
Suppose -802 = -43*y + 1348. Calculate the greatest common divisor of 10 and y.
10
Let c be 80/3*(-135)/(-75). Let p = 38 - 26. What is the greatest common divisor of p and c?
12
Suppose -h = 3*h - 2852. Calculate the greatest common factor of 23 and h.
23
Let z(w) = 2*w**3 + 22*w**2 - 8*w - 31. Let j be z(-11). Calculate the highest common factor of 3 and j.
3
Let n(b) = -20*b - 4. Let f be n(10). Let z = 296 + f. Let x = z + -65. Calculate the highest common factor of x and 9.
9
Let u(y) = -79 + 3*y**2 - 6*y**2 + 75 + 3*y + 25*y**3. Let s be u(2). What is the highest common divisor of 38 and s?
38
Suppose 25 = 5*p + 5*t, 0*t + 9 = p - t. Suppose p*j - 60 = 2*j. What is the highest common divisor of j and 60?
12
Let d(r) = 2*r**2 + 13*r - 17. Let c be d(-8). Suppose -h + 19 - c = 0. Calculate the greatest common factor of h and 66.
6
Let c = 11 + -6. Suppose -6*f + 2*f + m + 207 = 0, -c*f + 258 = -2*m. What is the greatest common divisor of f and 26?
26
Suppose -u - 12 + 10 = 0, -3*s + u = -62. Calculate the greatest common divisor of s and 20.
20
Let c = -495 + 224. Let z = c + 445. What is the highest common factor of z and 29?
29
Suppose 2*o = o + 3*q + 5, -5*q = -3*o + 11. Suppose k + 5*z - 48 = -0*k, 64 = 2*k + o*z. What is the greatest common factor of 42 and k?
14
Suppose 0 = -2*p - 2*p + 140. Suppose -13*u + 89 = -93. Calculate the greatest common factor of p and u.
7
Suppose 0 = 3*z + 3*b - 149 - 82, 4*z - 281 = 5*b. Calculate the highest common divisor of 2 and z.
2
Let i(c) = -2*c**2 - 13*c + 1. Let l be i(-6). Let r be 8/6*(l + -1). Suppose 110 + 50 = 5*s. Calculate the highest common divisor of s and r.
8
Let d = 34 + -30. Suppose -d*y + 6*y = 76. Calculate the highest common divisor of 152 and y.
38
Let x(n) = 15*n**2 + 6*n - 3. Let v be x(2). Suppose 3*l = -4*m + v, 5*m + 0*l = 5*l + 60. Calculate the greatest common divisor of m and 105.
15
Let q(w) = -w + 7. Let n be q(0). Let p(o) = 6*o**3 + o**2 + 11*o - 11. Let y be p(1). What is the greatest common divisor of y and n?
7
Let g be 2 + 10/(-5)*-34. What is the highest common factor of g and 56?
14
Let t be 3 - (-123)/(-39) - (-2032)/26. Calculate the highest common factor of t and 6.
6
Let y be 0*1/2 + 41. Suppose 40*j - y*j = 0. Suppose 5*f - 32 - 88 = j. Calculate the highest common factor of 16 and f.
8
Let v(j) = -350*j - 668. Let t be v(-2). Suppose -5*b = -227 - 93. What is the highest common divisor of b and t?
32
Let h(p) = 17*p. Let y be h(4). What is the highest common divisor of 782 and y?
34
Suppose f = 5*f. Suppose f = -3*q - 2*q - 15. Let g be q/(-6) + 148/8. What is the greatest common divisor of g and 76?
19
Suppose 3*x - 294 = -i + 5*x, 0 = 2*i - 3*x - 588. Let n be i*(-4)/(-8) - (5 + -1). What is the greatest common divisor of 13 and n?
13
Suppose -234 = 3*p - 474. Calculate the greatest common factor of p and 50.
10
Let q be -5 + (3 + 1 - -105). What is the highest common factor of 24 and q?
8
Suppose 44 = -o + 178. Suppose 16*z - o = -22. What is the highest common factor of 77 and z?
7
Let f(c) = -c**3 + 4*c**2 - 3*c. Let o be f(3). Suppose 6*k - 10*k - 148 = o. Let w = 59 + k. What is the highest common divisor of 66 and w?
22
Suppose -5*g - 4*n = 0, -4*n + 0 = -4*g + 36. Let w be 82/g - (-4)/(-8). What is the greatest common factor of w and 10?
10
Let r = 23 + -20. Let i(v) = 3*v**3 - v**2 + 4*v - 4. Let b be i(r). What is the greatest common factor of b and 10?
10
Suppose -7*c + 1301 + 1723 = 0. Calculate the greatest common divisor of c and 6.
6
Suppose 0 = -y - 17 - 1. Let b = y - -23. Suppose s = 4*o - 115, -o = -b*o + 2*s + 118. What is the greatest common factor of o and 140?
28
Let z(c) = 3*c**2 + 8*c - 186. Let h be z(12). What is the highest common factor of h and 36?
18
Let x(b) be the second derivative of -b**5/20 + 5*b**4/6 - 3*b**3/2 + 3*b**2/2 + 23*b. Let m be x(9). Calculate the greatest common factor of m and 33.
3
Let c be 4 - 7 - (-7 + 2). Let s(m) = -2*m**c - 2*m**2 - 2 + 5*m**2 - 2*m**3 + 0*m - 2*m. Let v be s(-2). What is the greatest common factor of 33 and v?
11
Let i be -3*(-1)/(-3)*-14. Suppose -2*a + 14 = -2*h - 2*h, -h - 5 = 0. Let u be 71 - (4 - a/(-1)). Calculate the greatest common divisor of i and u.
14
Suppose 9*o - 19*o + 20 = 0. What is the greatest common divisor of o and 106?
2
Let m(k) = -40*k - 352. Let b be m(-19). Calculate the highest common divisor of 24 and b.
24
Let c = -4 - 13. Let f = 11 - c. What is the highest common divisor of 7 and f?
7
Let w be (-8)/(-24)*27 + 0. Calculate the greatest common factor of 711 and w.
9
Suppose -4*r = 16, 4*r - 105 = -5*l + 94. Let o be (-1 + l)*(-1)/(1/(-3)). Calculate the highest common factor of 84 and o.
42
Let t be 174/21 + (-16)/56. Let k be (-7)/(-14) - (-396)/t. Calculate the greatest common divisor of k and 20.
10
Let u be -1*-3*(-3 + 2). Let z(k) = 2*k**2 + 5*k - 2. Let r be z(u). Let h = 56 - r. Calculate the greatest common divisor of 22 and h.
11
Let r = 1061 + -456. Suppose 0 = -7*v + 3*v + 220. Calculate the greatest common factor of r and v.
55
Suppose 4*w + 3240 = 8*w - 5*a, -5*a + 3200 = 4*w. Suppose 2*k = 5*l - w, -2*l - l = -2*k - 483. Calculate the highest common divisor of 23 and l.
23
Suppose -10*o - 4 - 56 = 0. Let v be 2/o - (-441)/27. What is the greatest common factor of v and 160?
16
Let v = 196 + -182. Suppose 53 = -5*i - l + 547, -5*i + 2*l + 482 = 0. What is the greatest common factor of v and i?
14
Suppose 12 = 4*c, 5*c + 495 = -13*m + 15*m. What is the highest common factor of 30 and m?
15
Let m = 27 + -23. Let f be -2*m/(-8) + 1. Suppose 0 = 3*q - 8*q + j + 31, -29 = -3*q - f*j. Calculate the greatest common factor of 63 and q.
7
Let i(m) be the third derivative of 0*m + 0*m**3 - m**2 + 1/24*m**4 + 9/20*m**5 + 0. Let d be i(2). Calculate the greatest common divisor of d and 44.
22
Suppose 0 = -5*y + 6 + 19. Suppose 4*l + 4*a = 2*a + 44, -y*l + 3*a + 77 = 0. Let u be 7/(70/(-4))*-65. What is the highest common divisor of l and u?
13
Suppose 0 = -2*q + 5*n + 87, 7*n - 12*n - 240 = -5*q. What is the greatest common factor of 51 and q?
51
Let u be (8 -